 (base 14) to base 8
-14
What is -14 (base 8) in base 13?
-c
What is -11010 (base 2) in base 7?
-35
-11 (base 2) to base 7
-3
-75 (base 14) to base 11
-94
-1c (base 14) to base 16
-1a
What is -13 (base 15) in base 8?
-22
5 (base 6) to base 12
5
What is 2 (base 5) in base 6?
2
-55 (base 9) to base 6
-122
What is -3 (base 9) in base 8?
-3
Convert 120 (base 3) to base 12.
13
Convert 21 (base 4) to base 16.
9
What is 3 (base 4) in base 16?
3
What is 10 (base 4) in base 6?
4
What is -39 (base 10) in base 13?
-30
3 (base 9) to base 11
3
-2 (base 7) to base 13
-2
Convert 115 (base 6) to base 3.
1202
1011 (base 2) to base 13
b
What is 114 (base 6) in base 2?
101110
What is 101 (base 2) in base 8?
5
What is -7 (base 10) in base 7?
-10
Convert -1 (base 14) to base 15.
-1
What is 21 (base 3) in base 15?
7
-100 (base 2) to base 11
-4
Convert -2 (base 10) to base 5.
-2
Convert -2d (base 14) to base 5.
-131
What is 342 (base 5) in base 10?
97
Convert -10110 (base 2) to base 8.
-26
Convert 1 (base 4) to base 5.
1
What is 1c (base 16) in base 14?
20
22 (base 9) to base 10
20
-11 (base 2) to base 6
-3
What is -221 (base 5) in base 14?
-45
20 (base 9) to base 14
14
What is -20 (base 4) in base 15?
-8
Convert 0 (base 2) to base 12.
0
What is 52 (base 15) in base 8?
115
-6 (base 15) to base 7
-6
1002 (base 3) to base 2
11101
What is 11a (base 11) in base 4?
2032
What is -7d (base 15) in base 10?
-118
-3 (base 7) to base 2
-11
Convert -2 (base 10) to base 12.
-2
-2 (base 9) to base 11
-2
-6 (base 12) to base 13
-6
Convert -c (base 13) to base 14.
-c
Convert -3 (base 14) to base 8.
-3
1 (base 4) to base 6
1
Convert 36 (base 11) to base 3.
1110
45 (base 9) to base 6
105
1 (base 15) to base 11
1
Convert 13 (base 5) to base 6.
12
What is -14 (base 13) in base 11?
-16
What is -20 (base 14) in base 7?
-40
1c (base 16) to base 9
31
-21110 (base 3) to base 5
-1301
What is 100 (base 2) in base 8?
4
What is 1111100 (base 2) in base 3?
11121
Convert 36 (base 14) to base 4.
300
What is 10 (base 3) in base 10?
3
Convert 63 (base 7) to base 4.
231
-110122 (base 3) to base 14
-1a5
What is 3 (base 5) in base 13?
3
What is 110 (base 2) in base 16?
6
What is 22 (base 3) in base 6?
12
216 (base 9) to base 4
2301
Convert 26 (base 12) to base 11.
28
What is 24 (base 8) in base 3?
202
3 (base 4) to base 15
3
Convert -141 (base 7) to base 5.
-303
-84 (base 9) to base 8
-114
Convert 31 (base 7) to base 4.
112
Convert 4 (base 11) to base 15.
4
What is -2 (base 8) in base 7?
-2
Convert -c3 (base 15) to base 3.
-20210
Convert 1 (base 10) to base 12.
1
3 (base 7) to base 8
3
Convert 3 (base 9) to base 13.
3
-4 (base 12) to base 7
-4
What is -e (base 15) in base 3?
-112
Convert -2 (base 16) to base 11.
-2
Convert -1 (base 14) to base 10.
-1
-220 (base 11) to base 16
-108
10 (base 10) to base 7
13
Convert -14 (base 10) to base 12.
-12
Convert -22 (base 4) to base 13.
-a
Convert -12202 (base 3) to base 14.
-b1
Convert -44 (base 6) to base 11.
-26
-8 (base 9) to base 16
-8
-9a (base 14) to base 5
-1021
Convert -123 (base 4) to base 13.
-21
Convert 4 (base 16) to base 3.
11
Convert 3 (base 12) to base 3.
10
12 (base 10) to base 14
c
1 (base 13) to base 3
1
What is -370 (base 8) in base 13?
-161
What is 20 (base 4) in base 2?
1000
126 (base 7) to base 15
49
Convert -32 (base 5) to base 3.
-122
3 (base 11) to base 6
3
236 (base 7) to base 15
85
What is -125 (base 9) in base 5?
-404
-13 (base 7) to base 13
-a
-19 (base 13) to base 7
-31
-10 (base 14) to base 9
-15
Convert 33 (base 8) to base 13.
21
What is -14 (base 15) in base 11?
-18
Convert -41 (base 5) to base 14.
-17
-151 (base 10) to base 12
-107
What is 12a (base 11) in base 12?
109
-1 (base 4) to base 13
-1
Convert 10 (base 3) to base 5.
3
35 (base 15) to base 14
38
What is -4 (base 15) in base 16?
-4
1 (base 3) to base 5
1
Convert -20 (base 6) to base 10.
-12
What is 4 (base 11) in base 10?
4
0 (base 10) to base 8
0
What is 4 (base 11) in base 12?
4
2 (base 3) to base 14
2
What is -1a (base 13) in base 3?
-212
What is -101100 (base 2) in base 9?
-48
-12 (base 8) to base 6
-14
a (base 16) to base 14
a
Convert -40 (base 9) to base 13.
-2a
Convert -111001 (base 2) to base 10.
-57
11 (base 3) to base 14
4
-1 (base 15) to base 3
-1
What is 36 (base 14) in base 6?
120
Convert 75 (base 15) to base 3.
11002
Convert 10 (base 5) to base 14.
5
-6 (base 10) to base 12
-6
Convert 73 (base 8) to base 11.
54
56 (base 12) to base 8
102
What is -1 (base 8) in base 9?
-1
Convert 4 (base 14) to base 10.
4
-34 (base 16) to base 5
-202
Convert -14 (base 14) to base 8.
-22
Convert 24 (base 5) to base 14.
10
0 (base 5) to base 9
0
Convert 72 (base 16) to base 14.
82
Convert 1d (base 15) to base 12.
24
What is -1 (base 13) in base 4?
-1
47 (base 10) to base 16
2f
Convert 7a (base 15) to base 4.
1303
Convert -212 (base 5) to base 4.
-321
Convert -1 (base 6) to base 4.
-1
-1 (base 16) to base 6
-1
Convert -3 (base 9) to base 3.
-10
Convert 0 (base 11) to base 2.
0
What is 5 (base 9) in base 11?
5
Convert -72 (base 8) to base 12.
-4a
-2 (base 9) to base 6
-2
-212 (base 4) to base 10
-38
102 (base 3) to base 6
15
Convert 355 (base 8) to base 11.
1a6
1 (base 14) to base 13
1
3 (base 15) to base 8
3
What is 11 (base 2) in base 4?
3
132 (base 5) to base 13
33
Convert 71 (base 15) to base 14.
78
32 (base 8) to base 16
1a
3 (base 11) to base 9
3
What is 1111100 (base 2) in base 12?
a4
Convert -25 (base 12) to base 11.
-27
-1 (base 4) to base 5
-1
20 (base 16) to base 2
100000
-217 (base 8) to base 16
-8f
Convert 1 (base 4) to base 9.
1
-1 (base 10) to base 12
-1
-10000010 (base 2) to base 16
-82
213 (base 4) to base 16
27
What is -43 (base 11) in base 10?
-47
What is 11 (base 10) in base 7?
14
Convert 11 (base 5) to base 11.
6
Convert -202 (base 8) to base 15.
-8a
0 (base 7) to base 13
0
-21 (base 5) to base 14
-b
Convert b (base 16) to base 2.
1011
What is -78 (base 9) in base 10?
-71
What is 5 (base 12) in base 15?
5
Convert 10 (base 6) to base 13.
6
What is 1 (base 11) in base 6?
1
-3 (base 4) to base 13
-3
2 (base 6) to base 13
2
-1110110 (base 2) to base 10
-118
What is -314 (base 6) in base 2?
-1110110
0 (base 9) to base 16
0
What is 25 (base 6) in base 8?
21
Convert -2 (base 16) to base 11.
-2
-100 (base 5) to base 8
-31
-9 (base 14) to base 6
-13
1 (base 15) to base 2
1
What is -70 (base 13) in base 11?
-83
Convert -13 (base 15) to base 3.
-200
Convert 4 (base 15) to base 14.
4
Convert -11111000 (base 2) to base 7.
-503
What is -7 (base 15) in base 3?
-21
-210 (base 6) to base 12
-66
Convert 62 (base 9) to base 5.
211
What is 13 (base 12) in base 13?
12
-1 (base 8) to base 5
-1
2044 (base 5) to base 10
274
-101 (base 5) to base 3
-222
What is 3 (base 15) in base 3?
10
Convert 100 (base 2) to base 6.
4
Convert 1 (base 8) to base 12.
1
Convert 2 (base 6) to base 11.
2
5 (base 16) to base 6
5
Convert -20 (base 7) to base 8.
-16
Convert -a (base 13) to base 15.
-a
Convert -3 (base 13) to base 10.
-3
-9 (base 12) to base 11
-9
Convert 365 (base 8) to base 5.
1440
What is -10100011 (base 2) in base 15?
-ad
What is 1 (base 3) in base 11?
1
Convert 173 (base 10) to base 2.
10101101
-61 (base 12) to base 15
-4d
What is 22 (base 3) in base 2?
1000
Convert -99 (base 16) to base 5.
-1103
What is -11 (base 3) in base 11?
-4
63 (base 7) to base 5
140
What is -235 (base 12) in base 13?
-1c4
What is 177 (base 8) in base 10?
127
Convert 2 (base 14) to base 5.
2
Convert -2 (base 3) to base 12.
-2
What is 13 (base 7) in base 5?
20
100100100 (base 2) to base 11
246
What is 2 (base 9) in base 2?
10
Convert 40 (base 12) to base 6.
120
-25 (base 8) to base 3
-210
Convert -87 (base 13) to base 6.
-303
Convert -3 (base 15) to base 4.
-3
100011 (base 2) to base 14
27
What is -13 (base 5) in base 13?
-8
Convert -1 (base 7) to base 10.
-1
-203 (base 7) to base 11
-92
Convert -301 (base 5) to base 9.
-84
66 (base 10) to base 3
2110
1 (base 14) to base 5
1
-28 (base 11) to base 15
-20
-3 (base 4) to base 6
-3
What is 10000 (base 2) in base 4?
100
Convert -ab (base 15) to base 16.
-a1
Convert 6 (base 14) to base 6.
10
-4 (base 12) to base 13
-4
What is -3 (base 12) in base 15?
-3
34 (base 9) to base 13
25
-2 (base 4) to base 8
-2
Convert 5 (base 16) to base 10.
5
What is -61 (base 16) in ba